and 14153351?
2137
What is the highest common divisor of 218 and 597728314?
218
What is the greatest common factor of 2295870 and 15?
15
Calculate the highest common divisor of 1574188 and 7084.
308
What is the greatest common divisor of 406 and 5330026?
58
What is the greatest common divisor of 7797569 and 13481?
793
What is the greatest common factor of 52566 and 882?
6
Calculate the greatest common divisor of 107340552 and 111.
111
Calculate the highest common factor of 469 and 72831479.
469
What is the greatest common factor of 101146 and 156766?
206
Calculate the highest common divisor of 632 and 49535096.
8
Calculate the greatest common factor of 22000 and 2838.
22
Calculate the greatest common divisor of 1551 and 49597680.
33
Calculate the highest common factor of 1457 and 23923.
47
Calculate the highest common factor of 116299 and 6099.
19
What is the greatest common factor of 117406 and 367634?
94
Calculate the greatest common divisor of 150 and 16850950.
50
Calculate the highest common factor of 4771788 and 228.
12
What is the highest common factor of 69021409 and 82?
41
Calculate the greatest common divisor of 880892 and 9359.
191
What is the highest common divisor of 16368 and 21092214?
2046
What is the highest common factor of 745136 and 2528?
16
Calculate the highest common divisor of 347104 and 7392.
32
What is the greatest common divisor of 49064734 and 194?
194
Calculate the highest common divisor of 4559 and 1131117.
97
What is the highest common factor of 1360 and 32880040?
680
Calculate the highest common divisor of 241475945 and 4215.
1405
What is the greatest common factor of 1664755875 and 3915?
3915
Calculate the greatest common factor of 10927 and 79478.
49
What is the highest common divisor of 959 and 16877945?
7
Calculate the greatest common factor of 2327045 and 35615.
85
What is the highest common divisor of 26435 and 31960?
85
What is the highest common factor of 4738 and 61111?
23
Calculate the greatest common factor of 84311304 and 40936.
2408
What is the greatest common divisor of 104649904 and 224?
16
Calculate the highest common factor of 217702752 and 80.
16
What is the highest common divisor of 57 and 3288881?
19
Calculate the greatest common divisor of 2948 and 38307049.
737
Calculate the greatest common factor of 44 and 62513.
11
Calculate the highest common divisor of 38673480 and 47.
47
Calculate the highest common factor of 21985407 and 318.
159
Calculate the highest common factor of 337605 and 2581965.
4755
What is the greatest common divisor of 884728 and 36049?
611
Calculate the greatest common divisor of 4886 and 5768.
14
Calculate the highest common divisor of 482147 and 830.
83
Calculate the greatest common factor of 1857849 and 42.
21
Calculate the highest common divisor of 12012 and 42262.
22
What is the greatest common divisor of 97127488 and 2680?
536
What is the greatest common divisor of 1490391551 and 1177?
1177
What is the greatest common factor of 2080 and 788120?
40
Calculate the highest common divisor of 7270279 and 3073.
439
What is the greatest common factor of 465 and 634415?
155
What is the greatest common divisor of 20 and 99024260?
20
What is the highest common factor of 227379 and 5439?
3
Calculate the greatest common divisor of 10668 and 500267859.
2667
Calculate the greatest common divisor of 1996 and 1689614.
998
What is the highest common factor of 139026126 and 12?
6
What is the greatest common factor of 14921214 and 15?
3
What is the greatest common factor of 14644800 and 18?
18
What is the highest common divisor of 28171 and 2241663?
197
Calculate the greatest common factor of 51 and 297187557.
51
What is the highest common divisor of 13209 and 480879?
357
What is the greatest common divisor of 36630 and 85655?
185
Calculate the highest common factor of 18909 and 86332.
191
What is the greatest common divisor of 188966753 and 2677?
2677
Calculate the greatest common factor of 16 and 1877604224.
16
Calculate the greatest common factor of 141356721 and 33.
33
Calculate the greatest common factor of 102144 and 895888.
2128
Calculate the greatest common divisor of 1019484908 and 6032.
1508
What is the greatest common divisor of 8401 and 750128?
271
What is the greatest common divisor of 846 and 680351790?
282
Calculate the greatest common factor of 119724 and 2684.
44
What is the greatest common factor of 32 and 1875789952?
32
What is the greatest common divisor of 373382 and 90344?
46
Calculate the greatest common divisor of 18357 and 8781609.
633
What is the highest common divisor of 1953 and 205510718?
217
What is the highest common factor of 23976 and 20977002?
1998
Calculate the highest common factor of 6979 and 2401773.
997
Calculate the highest common divisor of 60 and 6758805.
15
Calculate the greatest common factor of 116 and 1954455.
29
What is the highest common factor of 330 and 7914786?
66
Calculate the greatest common divisor of 526682 and 717314.
1222
What is the greatest common factor of 8967 and 4087139?
49
What is the highest common divisor of 21205520 and 112?
112
What is the greatest common factor of 492912 and 75852?
252
Calculate the greatest common factor of 2592 and 12198528.
288
What is the highest common divisor of 19426315 and 335?
335
Calculate the greatest common factor of 3131004 and 324.
12
What is the greatest common divisor of 29 and 13474?
1
What is the highest common divisor of 7186265 and 3905?
355
Calculate the greatest common factor of 17424824 and 51389.
3953
What is the greatest common divisor of 1449210 and 44220?
2010
What is the highest common factor of 315 and 24813855?
45
What is the greatest common divisor of 1743058 and 132?
2
Calculate the highest common factor of 3047960 and 52.
4
What is the greatest common factor of 56 and 9935555?
7
Calculate the greatest common divisor of 28053755 and 17105.
1555
Calculate the greatest common factor of 17334 and 6218733.
321
What is the greatest common factor of 20529597 and 11?
11
Calculate the highest common factor of 78705081 and 7371.
2457
What is the highest common factor of 1978 and 601226?
86
Calculate the highest common divisor of 105196 and 7124.
52
Calculate the highest common divisor of 2717407539 and 8547.
8547
What is the highest common divisor of 1976718 and 3888777?
9237
What is the greatest common divisor of 61 and 5219831?
61
What is the greatest common factor of 54300410 and 10?
10
What is the highest common divisor of 246212 and 30656?
4
Calculate the highest common factor of 205270 and 114010.
130
What is the greatest common divisor of 1317 and 267?
3
Calculate the greatest common divisor of 53265 and 1082385.
1005
Calculate the highest common divisor of 114 and 6167438.
38
Calculate the highest common divisor of 47723596 and 14624.
1828
What is the highest common divisor of 6 and 133589010?
6
Calculate the highest common divisor of 279585 and 44355.
15
Calculate the greatest common factor of 1981634 and 416323.
529
What is the greatest common divisor of 119727 and 243?
9
Calculate the greatest common factor of 66365340 and 845466.
7482
What is the highest common divisor of 962732 and 107235?
2383
What is the greatest common factor of 3600 and 17081100?
900
Calculate the greatest common divisor of 23836 and 381578.
202
What is the highest common divisor of 119447 and 11?
1
What is the highest common factor of 82522 and 227722?
242
What is the highest common factor of 791379 and 3312?
9
What is the greatest common factor of 477990 and 598404?
282
Calculate the greatest common divisor of 360400 and 13336496.
848
Calculate the highest common divisor of 17292715 and 1415.
1415
Calculate the greatest common factor of 63874 and 4142.
218
Calculate the highest common divisor of 78144483 and 41.
41
What is the greatest common factor of 268397961 and 39?
39
Calculate the greatest common factor of 66308 and 165044.
484
Calculate the greatest common divisor of 7629495 and 1337.
191
What is the greatest common factor of 10578 and 377278474?
3526
What is the greatest common factor of 702073 and 9164?
79
Calculate the greatest common divisor of 581386 and 98176.
1534
Calculate the highest common divisor of 4644 and 292608.
36
What is the highest common factor of 215232 and 34869?